. Determine t(-7).
-3
Let k(n) = n**3 + 21*n**2 + 53*n - 56. Calculate k(-18).
-38
Let j(f) = -69*f - 140. Give j(-2).
-2
Let g(i) = 30*i**2 - 59*i + 214. Calculate g(5).
669
Let r(g) = 307*g + 2536. Give r(-8).
80
Let y(q) = q**3 + 5*q**2 + 13*q + 101. What is y(-8)?
-195
Let p(v) = 17*v + 146. Give p(-13).
-75
Let r(u) = -292*u - 6142. Determine r(-21).
-10
Let k(y) = 53*y + 264. What is k(-3)?
105
Let o(v) = -v**3 - 277*v**2 - 2420*v - 28. Give o(-9).
44
Let i(q) = -5*q**2 + 253*q + 369. Determine i(52).
5
Let f(g) = -4*g**2 + 59*g - 57. Determine f(13).
34
Let g(y) = -2*y**3 - 8*y**2 + 51*y - 66. Calculate g(5).
-261
Let y(q) = 269*q + 18572. What is y(-69)?
11
Let h(v) = -39*v + 274. Calculate h(7).
1
Let o(j) = -83*j**2 - 129*j - 365. Calculate o(-3).
-725
Let u(o) = 124*o + 622. Give u(-5).
2
Let r(s) = 9*s**3 - 434*s**2 + 83*s + 620. Determine r(48).
-4
Let d(f) = -2*f**2 - 64*f - 267. Give d(-27).
3
Let l(o) = -26*o - 2553. Give l(-98).
-5
Let r(w) = -11*w + 367. Calculate r(10).
257
Let y(r) = r**3 - 12*r**2 + 21*r - 66. Calculate y(6).
-156
Let f(t) = t**2 + 3*t - 201. What is f(-9)?
-147
Let s(w) = 3*w**3 - 7*w**2 - 39*w + 30. Determine s(6).
192
Let g(l) = -l**2 + 44*l - 209. Give g(41).
-86
Let m(j) = 408*j + 2906. What is m(-7)?
50
Let s(q) = -9*q**2 - 42*q + 61. Give s(-6).
-11
Let i(m) = -2*m**2 - 12*m + 142. Give i(-13).
-40
Let i(h) = -76*h - 3272. Calculate i(-43).
-4
Let v(c) = 8*c**2 + 376*c + 110. Give v(-47).
110
Let n(x) = 84*x - 244. What is n(3)?
8
Let s(u) = u + 191. What is s(-20)?
171
Let l(j) = -j**3 - 8*j**2 + 16*j - 21. Give l(-10).
19
Let t(r) = -4*r**3 + 15*r**2 - 22*r - 29. Give t(3).
-68
Let q(l) = -60*l**2 + 420*l - 5. What is q(7)?
-5
Let i(h) = -h**2 + 131*h + 23082. Determine i(231).
-18
Let f(u) = 383*u - 16465. Determine f(43).
4
Let w(q) = -q**3 + 10*q**2 + 29*q + 152. Determine w(13).
22
Let q(g) = g**3 - 16*g**2 - 49*g + 592. Give q(17).
48
Let a(v) = -544*v + 19594. Calculate a(36).
10
Let g(w) = 113*w - 104. Calculate g(4).
348
Let c(x) = x**3 - 21*x**2 + 11*x - 82. Determine c(20).
-262
Let u(s) = 1363*s + 14987. Give u(-11).
-6
Let y(m) = m**3 + 72*m**2 + 213*m + 446. Calculate y(-69).
32
Let y(q) = -q**2 - 299*q - 6613. What is y(-24)?
-13
Let o(c) = 2*c**2 - 47*c + 267. What is o(8)?
19
Let v(a) = -a**2 + 82*a - 352. Determine v(6).
104
Let l(r) = -15*r**2 + 12*r + 69. Determine l(-5).
-366
Let t(r) = 92*r**3 + r**2 - 2. What is t(1)?
91
Let t(a) = 4*a - 246. Calculate t(31).
-122
Let k(h) = -h**3 - 38*h**2 + 81*h + 55. Calculate k(-40).
15
Let d(k) = k**3 + 5*k**2 + 16*k + 325. Give d(-8).
5
Let b(l) = -3*l**2 + 61*l + 100. Calculate b(22).
-10
Let i(f) = -14*f - 393. Calculate i(-28).
-1
Let d(v) = 8*v + 193. What is d(-23)?
9
Let t(a) = -a**3 + 56*a**2 - 46*a - 486. What is t(55)?
9
Let z(l) = -488*l**2 + 955*l - 4. Calculate z(2).
-46
Let n(i) = -2*i + 86. Give n(-5).
96
Let f(r) = -r**3 + 10*r**2 + 7*r - 38. Calculate f(10).
32
Let x(l) = 22*l + 425. What is x(-20)?
-15
Let y(s) = s**3 + 12*s**2 - 38*s - 318. Calculate y(-13).
7
Let a(u) = 3*u**2 - 294*u - 878. Give a(-3).
31
Let u(k) = k**2 - 44*k - 12. What is u(25)?
-487
Let i(k) = -109*k - 17988. Give i(-165).
-3
Let x(r) = 13*r - 121. Calculate x(7).
-30
Let r(l) = -6*l**2 + 98*l - 35. Calculate r(15).
85
Let x(f) = -f**2 - 252*f + 4610. Determine x(18).
-250
Let c(h) = -83*h + 1059. Calculate c(13).
-20
Let x(q) = -q**2 - 4*q + 22. Give x(-8).
-10
Let z(x) = 2*x**2 - 83*x - 94. Give z(40).
-214
Let d(w) = w**2 + 742*w - 54199. What is d(67)?
4
Let h(x) = -310*x + 1775. Determine h(6).
-85
Let p(l) = 12*l**2 - 244*l + 84. Determine p(20).
4
Let a(y) = -y**3 + 56*y**2 - 87*y - 1052. What is a(54)?
82
Let k(n) = 511*n + 5073. Calculate k(-10).
-37
Let f(q) = -2*q**2 + 10*q - 24. Determine f(2).
-12
Let x(r) = 12*r**2 - 4*r - 3. Give x(-4).
205
Let q(j) = -j**3 - 34*j**2 + 37*j + 66. Give q(-35).
-4
Let z(p) = -32*p**3 - 13*p**2 - 18*p - 4. Give z(-1).
33
Let m(n) = 81*n + 5295. Give m(-65).
30
Let p(n) = -2*n**2 + 63*n - 284. What is p(25)?
41
Let d(m) = -49*m + 15. Calculate d(-5).
260
Let u(c) = -11*c**3 + 2*c**2 + 5*c - 1. Determine u(-2).
85
Let y(k) = -k**3 + 6*k**2 - 494*k + 1954. Calculate y(4).
10
Let j(l) = 22*l**2 - 235*l + 11. Give j(11).
88
Let s(n) = n**2 + 30*n + 214. Determine s(-11).
5
Let v(a) = a**3 - 2*a**2 - 19*a - 12. Give v(-3).
0
Let g(w) = 749*w + 3048. Give g(-4).
52
Let o(u) = -170*u**2 + 873*u - 77. Give o(5).
38
Let a(c) = 4*c**3 + 6*c**2 + 6*c + 16. Determine a(-2).
-4
Let w(h) = 3*h**2 + 35*h + 56. Determine w(-10).
6
Let q(w) = 11*w + 12. Calculate q(-3).
-21
Let g(f) = f**3 - 3*f**2 - 7*f + 2. Determine g(0).
2
Let i(m) = m**2 - 8*m + 48. Determine i(10).
68
Let t(w) = -w**3 + 102*w**2 - 486*w - 41. What is t(97)?
-138
Let h(a) = -42*a + 10. What is h(-3)?
136
Let f(h) = -1709*h - 76896. What is f(-45)?
9
Let x(a) = 4*a**2 + 18*a - 65. Calculate x(3).
25
Let q(k) = -40*k - 736. Determine q(-20).
64
Let p(b) = -2*b**3 + 4*b**2 + 3*b - 12. Calculate p(5).
-147
Let d(g) = -28*g + 442. What is d(16)?
-6
Let g(m) = 277*m - 5244. Calculate g(19).
19
Let m(y) = y**3 - 21*y**2 - 62*y - 296. Give m(24).
-56
Let c(t) = -t**2 - 12*t - 33. Determine c(-15).
-78
Let c(n) = 4*n - 53. What is c(4)?
-37
Let l(k) = k**3 - 40*k**2 + 126*k + 641. Calculate l(36).
-7
Let q(j) = -j**2 - 108*j + 307. Determine q(-111).
-26
Let w(h) = -h**3 + 47*h**2 - 91*h - 65. What is w(45)?
-110
Let x(i) = i**2 + 37*i - 215. What is x(-41)?
-51
Let l(a) = -a**2 + 82*a - 1370. Give l(59).
-13
Let m(i) = 3*i**2 - 36*i - 216. Determine m(18).
108
Let b(v) = -v**3 - v + 179. What is b(0)?
179
Let s(b) = -b**3 - 42*b**2 - 13*b + 1152. Determine s(-41).
4
Let k(h) = 263*h - 7100. What is k(27)?
1
Let i(v) = 284*v + 1979. What is i(-7)?
-9
Let j(h) = -h**3 + 15*h**2 - 25*h + 24. Give j(12).
156
Let l(t) = t**3 - 24*t**2 + 95*t + 55. Determine l(19).
55
Let d(g) = 3*g + 195. Give d(-9).
168
Let d(f) = -f**3 - 11*f**2 - 29*f - 24. Determine d(-8).
16
Let p(o) = 5*o**2 + 64*o + 184. Determine p(-5).
-11
Let d(i) = -648*i + 644. Determine d(1).
-4
Let c(t) = -21*t**2 - 2*t - 1. Give c(-1).
-20
Let u(j) = -4*j**2 + 186*j - 321. Give u(45).
-51
Let r(m) = 5*m**2 + 35*m - 128. Determine r(-9).
-38
Let q(o) = 2*o**3 - 27*o**2 - 111*o - 24. Give q(17).
112
Let w(b) = 2*b**3 + 86*b**2 - 84*b + 47. Calculate w(-44).
-129
Let r(u) = 2*u**3 - 14*u**2 + 10*u - 6. Calculate r(7).
64
Let g(t) = -12*t**3 + 26*t**2 + 8*t + 3. Determine g(3).
-63
Let g(y) = 1461*y - 45317. What is g(31)?
-26
Let r(q) = -q**3 - 10*q**2 + 14*q + 2. What is r(-12)?
122
Let i(r) = -r**3 + 22*r**2 + 30*r - 50. Calculate i(23).
111
Let o(j) = 148*j + 232. Calculate o(0).
232
Let b(l) = -l**3 - 15*l**2 - 8*l - 29. Give b(-15).
91
Let b(o) = -o**2 - 44*o - 108. Calculate b(-41).
15
Let t(i) = -29*i - 223. Give t(-8).
9
Let w(c) = c**3 + 19*c**2 - 133*c + 58. What is w(-25)?
-367
Let s(v) = 2*v**2 - 47*v - 49. Determine s(22).
-115
Let s(t) = -3*t**3 - 4*t**2 + t + 7. Determine s(-3).
49
Let t(w) = -133*w + 643. Give t(4).
111
Let q(l) = 367*l - 4423. What is q(12)?
-19
Let i(g) = 9*g**2 - 3*g - 2. Give i(-5).
238
Let w(a) = a**3 + 27*a**2 - 201*a - 62. What is w(-33)?
37
Let b(w) = -3*w**2 - 5*w + 236. Calculate b(8).
4
Let i(d) = -52*d + 266. What is i(5)?
6
Let h(u) = -8*u**3 + 183*u**2 - 159*u - 7. Calculate h(22).
-117
Let m(u) = u**3 + 13*u**2 - 8*u - 12. Calculate m(-15).
-342
Let y(k) = 111*k + 1170. Give y(-11).
-51
Let r(n) = 22*n - 59. Calculate r(3).
7
Let d(w) = 11781*w + 235626. Give d(-20).
6
Let z(j) = -5869*j - 11690. Give z(-2).
48
Let r(v) = 4*v**2 + 272*v - 540. Give r(2).
20
Let s(c) = -1699*c - 50965. What is s(-30)?
5
Let o(u) = 2*u**3 - 103*u**2 + 156*u - 298. Determine o(50).
2
Let v(z) = -z**2 - 2*z + 176. Give v(13).
-19
Let r(q) = -1905*q + 11427. What is r(6)?
-3
Let c(d) = -5*d**2 + 46*d - 72. Determine c(11).
-171
Let o(a) = -12*a - 806. What is o(-65)?
-26
Let t(r) = -2*r**2 - 122*r - 1555. Determine t(-43).
-7
Let v(p) = -p**3 + 30*p**2 - 65*p + 42. Calculate v(28).
-210
Let b(m) = -m**2 + m + 25. Give b(5).
5
Let q(z) = -7*z**2 - 38*z + 70. What is q(2)?
-34
Let g(i) = -2*i**2 + 251*i - 2331. Give g(10).
-21
Let t(j) = j**3 + 27*j**2 - 132*j - 2. Dete